{"id":1333,"date":"2018-12-10T16:06:37","date_gmt":"2018-12-10T15:06:37","guid":{"rendered":"https:\/\/www.fundacionamalio.com\/?page_id=1333"},"modified":"2019-01-09T13:53:30","modified_gmt":"2019-01-09T12:53:30","slug":"realismo-simbolico","status":"publish","type":"page","link":"https:\/\/www.fundacionamalio.com\/index.php\/realismo-simbolico\/","title":{"rendered":"Realismo Simb\u00f3lico"},"content":{"rendered":"<p>[vc_row sy_vc_row_extra_padding=\u00bb2&#8243; css=\u00bb.vc_custom_1544443123033{margin-top: 50px !important;}\u00bb][vc_column][tw_section_title title=\u00bbRealismo Simb\u00f3lico\u00bb st_tit_font_size=\u00bb60&#8243;][vc_column_text]<\/p>\n<p style=\"text-align: justify;\">Desde 1970 hasta el final de su vida, su pintura gira hacia la l\u00ednea testimonial y cr\u00edtica expresada en el Realismo simb\u00f3lico, con una marcada preocupaci\u00f3n por Andaluc\u00eda. Amalio necesitaba dar forma a sus convicciones \u00edntimas a trav\u00e9s de su pintura y denunciar el sufrimiento y el maltrato, o ir m\u00e1s all\u00e1 de la realidad con met\u00e1foras pict\u00f3ricas. El artista cumple una misi\u00f3n religiosa con infundir una espiritualidad social a su obra.<\/p>\n<p style=\"text-align: justify;\">Estamos ante cuadros como \u201cPobre desmontable\u201d, \u201cAndaluces de carga\u201d, \u201cEl pan encadenado\u201d o \u201cMi muerte nace conmigo\u201d entre otros.<\/p>\n<p>[\/vc_column_text][vc_column_text]<\/p>\n<p><!-- default-view.php -->\n<div\n\tclass=\"ngg-galleryoverview default-view \"\n\tid=\"ngg-gallery-bc13e83c1c97ecff7ff9ad93bdb03b28-1\">\n\n\t\t<!-- Thumbnails -->\n\t\t\t\t<div id=\"ngg-image-0\" class=\"ngg-gallery-thumbnail-box \" >\n\t\t\t\t        <div class=\"ngg-gallery-thumbnail\">\n            <a href=\"https:\/\/www.fundacionamalio.com\/wp-content\/gallery\/el-mundo-de-esperanza-y-el-apostolado-proletariado\/6-1.jpg\"\n               title=\"\"\n               data-src=\"https:\/\/www.fundacionamalio.com\/wp-content\/gallery\/el-mundo-de-esperanza-y-el-apostolado-proletariado\/6-1.jpg\"\n               data-thumbnail=\"https:\/\/www.fundacionamalio.com\/wp-content\/gallery\/el-mundo-de-esperanza-y-el-apostolado-proletariado\/thumbs\/thumbs_6-1.jpg\"\n               data-image-id=\"75\"\n               data-title=\"La mano florecida, 65x54cm\"\n               data-description=\"\"\n               data-image-slug=\"6-1\"\n               class=\"ngg-simplelightbox\" rel=\"bc13e83c1c97ecff7ff9ad93bdb03b28\">\n                <img\n                    title=\"La mano florecida, 65x54cm\"\n                    alt=\"La mano florecida, 65x54cm\"\n                    src=\"https:\/\/www.fundacionamalio.com\/wp-content\/gallery\/el-mundo-de-esperanza-y-el-apostolado-proletariado\/cache\/6-1.jpg-nggid0275-ngg0dyn-320x320x100-00f0w010c011r110f110r010t010.jpg\"\n                    width=\"320\"\n                    height=\"320\"\n                    style=\"max-width:100%;\"\n                \/>\n            <\/a>\n        <\/div>\n\t\t\t\t\t\t\t<\/div> \n\t\t\t\n\t\t\t\t<div id=\"ngg-image-1\" class=\"ngg-gallery-thumbnail-box \" >\n\t\t\t\t        <div class=\"ngg-gallery-thumbnail\">\n            <a href=\"https:\/\/www.fundacionamalio.com\/wp-content\/gallery\/el-mundo-de-esperanza-y-el-apostolado-proletariado\/12.jpg\"\n               title=\"\"\n               data-src=\"https:\/\/www.fundacionamalio.com\/wp-content\/gallery\/el-mundo-de-esperanza-y-el-apostolado-proletariado\/12.jpg\"\n               data-thumbnail=\"https:\/\/www.fundacionamalio.com\/wp-content\/gallery\/el-mundo-de-esperanza-y-el-apostolado-proletariado\/thumbs\/thumbs_12.jpg\"\n               data-image-id=\"76\"\n               data-title=\"Mi muerte nace conmigo, 65x54cm\"\n               data-description=\"\"\n               data-image-slug=\"12\"\n               class=\"ngg-simplelightbox\" rel=\"bc13e83c1c97ecff7ff9ad93bdb03b28\">\n                <img\n                    title=\"Mi muerte nace conmigo, 65x54cm\"\n                    alt=\"Mi muerte nace conmigo, 65x54cm\"\n                    src=\"https:\/\/www.fundacionamalio.com\/wp-content\/gallery\/el-mundo-de-esperanza-y-el-apostolado-proletariado\/cache\/12.jpg-nggid0276-ngg0dyn-320x320x100-00f0w010c011r110f110r010t010.jpg\"\n                    width=\"320\"\n                    height=\"320\"\n                    style=\"max-width:100%;\"\n                \/>\n            <\/a>\n        <\/div>\n\t\t\t\t\t\t\t<\/div> \n\t\t\t\n\t\t\t\t<div id=\"ngg-image-2\" class=\"ngg-gallery-thumbnail-box \" >\n\t\t\t\t        <div class=\"ngg-gallery-thumbnail\">\n            <a href=\"https:\/\/www.fundacionamalio.com\/wp-content\/gallery\/el-mundo-de-esperanza-y-el-apostolado-proletariado\/a-las-5-en-punto.jpg\"\n               title=\"\"\n               data-src=\"https:\/\/www.fundacionamalio.com\/wp-content\/gallery\/el-mundo-de-esperanza-y-el-apostolado-proletariado\/a-las-5-en-punto.jpg\"\n               data-thumbnail=\"https:\/\/www.fundacionamalio.com\/wp-content\/gallery\/el-mundo-de-esperanza-y-el-apostolado-proletariado\/thumbs\/thumbs_a-las-5-en-punto.jpg\"\n               data-image-id=\"77\"\n               data-title=\"A las cinco en punto de la tarde, 65x54cm\"\n               data-description=\"\"\n               data-image-slug=\"a-las-5-en-punto\"\n               class=\"ngg-simplelightbox\" rel=\"bc13e83c1c97ecff7ff9ad93bdb03b28\">\n                <img\n                    title=\"A las cinco en punto de la tarde, 65x54cm\"\n                    alt=\"A las cinco en punto de la tarde, 65x54cm\"\n                    src=\"https:\/\/www.fundacionamalio.com\/wp-content\/gallery\/el-mundo-de-esperanza-y-el-apostolado-proletariado\/cache\/a-las-5-en-punto.jpg-nggid0277-ngg0dyn-320x320x100-00f0w010c011r110f110r010t010.jpg\"\n                    width=\"320\"\n                    height=\"320\"\n                    style=\"max-width:100%;\"\n                \/>\n            <\/a>\n        <\/div>\n\t\t\t\t\t\t\t<\/div> \n\t\t\t\n\t\t\t\t<div id=\"ngg-image-3\" class=\"ngg-gallery-thumbnail-box \" >\n\t\t\t\t        <div class=\"ngg-gallery-thumbnail\">\n            <a href=\"https:\/\/www.fundacionamalio.com\/wp-content\/gallery\/el-mundo-de-esperanza-y-el-apostolado-proletariado\/amalio-1922-1995-Pobre-desmontable.jpg\"\n               title=\"\"\n               data-src=\"https:\/\/www.fundacionamalio.com\/wp-content\/gallery\/el-mundo-de-esperanza-y-el-apostolado-proletariado\/amalio-1922-1995-Pobre-desmontable.jpg\"\n               data-thumbnail=\"https:\/\/www.fundacionamalio.com\/wp-content\/gallery\/el-mundo-de-esperanza-y-el-apostolado-proletariado\/thumbs\/thumbs_amalio-1922-1995-Pobre-desmontable.jpg\"\n               data-image-id=\"85\"\n               data-title=\"Pobre desmontable, 130x97cm\"\n               data-description=\"\"\n               data-image-slug=\"amalio-1922-1995-pobre-desmontable\"\n               class=\"ngg-simplelightbox\" rel=\"bc13e83c1c97ecff7ff9ad93bdb03b28\">\n                <img\n                    title=\"Pobre desmontable, 130x97cm\"\n                    alt=\"Pobre desmontable, 130x97cm\"\n                    src=\"https:\/\/www.fundacionamalio.com\/wp-content\/gallery\/el-mundo-de-esperanza-y-el-apostolado-proletariado\/cache\/amalio-1922-1995-Pobre-desmontable.jpg-nggid0285-ngg0dyn-320x320x100-00f0w010c011r110f110r010t010.jpg\"\n                    width=\"320\"\n                    height=\"320\"\n                    style=\"max-width:100%;\"\n                \/>\n            <\/a>\n        <\/div>\n\t\t\t\t\t\t\t<\/div> \n\t\t\t\n\t\t\t\t<div id=\"ngg-image-4\" class=\"ngg-gallery-thumbnail-box \" >\n\t\t\t\t        <div class=\"ngg-gallery-thumbnail\">\n            <a href=\"https:\/\/www.fundacionamalio.com\/wp-content\/gallery\/el-mundo-de-esperanza-y-el-apostolado-proletariado\/el-pan-encadenado-copia.jpg\"\n               title=\"\"\n               data-src=\"https:\/\/www.fundacionamalio.com\/wp-content\/gallery\/el-mundo-de-esperanza-y-el-apostolado-proletariado\/el-pan-encadenado-copia.jpg\"\n               data-thumbnail=\"https:\/\/www.fundacionamalio.com\/wp-content\/gallery\/el-mundo-de-esperanza-y-el-apostolado-proletariado\/thumbs\/thumbs_el-pan-encadenado-copia.jpg\"\n               data-image-id=\"79\"\n               data-title=\"El pan encadenado, 236x200cm\"\n               data-description=\"\"\n               data-image-slug=\"el-pan-encadenado-copia\"\n               class=\"ngg-simplelightbox\" rel=\"bc13e83c1c97ecff7ff9ad93bdb03b28\">\n                <img\n                    title=\"El pan encadenado, 236x200cm\"\n                    alt=\"El pan encadenado, 236x200cm\"\n                    src=\"https:\/\/www.fundacionamalio.com\/wp-content\/gallery\/el-mundo-de-esperanza-y-el-apostolado-proletariado\/cache\/el-pan-encadenado-copia.jpg-nggid0279-ngg0dyn-320x320x100-00f0w010c011r110f110r010t010.jpg\"\n                    width=\"320\"\n                    height=\"320\"\n                    style=\"max-width:100%;\"\n                \/>\n            <\/a>\n        <\/div>\n\t\t\t\t\t\t\t<\/div> \n\t\t\t\n\t\t\t\t<div id=\"ngg-image-5\" class=\"ngg-gallery-thumbnail-box \" >\n\t\t\t\t        <div class=\"ngg-gallery-thumbnail\">\n            <a href=\"https:\/\/www.fundacionamalio.com\/wp-content\/gallery\/el-mundo-de-esperanza-y-el-apostolado-proletariado\/HW4G3932.jpg\"\n               title=\"\"\n               data-src=\"https:\/\/www.fundacionamalio.com\/wp-content\/gallery\/el-mundo-de-esperanza-y-el-apostolado-proletariado\/HW4G3932.jpg\"\n               data-thumbnail=\"https:\/\/www.fundacionamalio.com\/wp-content\/gallery\/el-mundo-de-esperanza-y-el-apostolado-proletariado\/thumbs\/thumbs_HW4G3932.jpg\"\n               data-image-id=\"80\"\n               data-title=\"Andaluces de carga, 246x200cm\"\n               data-description=\"\"\n               data-image-slug=\"hw4g3932\"\n               class=\"ngg-simplelightbox\" rel=\"bc13e83c1c97ecff7ff9ad93bdb03b28\">\n                <img\n                    title=\"Andaluces de carga, 246x200cm\"\n                    alt=\"Andaluces de carga, 246x200cm\"\n                    src=\"https:\/\/www.fundacionamalio.com\/wp-content\/gallery\/el-mundo-de-esperanza-y-el-apostolado-proletariado\/cache\/HW4G3932.jpg-nggid0280-ngg0dyn-320x320x100-00f0w010c011r110f110r010t010.jpg\"\n                    width=\"320\"\n                    height=\"320\"\n                    style=\"max-width:100%;\"\n                \/>\n            <\/a>\n        <\/div>\n\t\t\t\t\t\t\t<\/div> \n\t\t\t\n\t\t\t\t<div id=\"ngg-image-6\" class=\"ngg-gallery-thumbnail-box \" >\n\t\t\t\t        <div class=\"ngg-gallery-thumbnail\">\n            <a href=\"https:\/\/www.fundacionamalio.com\/wp-content\/gallery\/el-mundo-de-esperanza-y-el-apostolado-proletariado\/HW4G4163.jpg\"\n               title=\"\"\n               data-src=\"https:\/\/www.fundacionamalio.com\/wp-content\/gallery\/el-mundo-de-esperanza-y-el-apostolado-proletariado\/HW4G4163.jpg\"\n               data-thumbnail=\"https:\/\/www.fundacionamalio.com\/wp-content\/gallery\/el-mundo-de-esperanza-y-el-apostolado-proletariado\/thumbs\/thumbs_HW4G4163.jpg\"\n               data-image-id=\"81\"\n               data-title=\"La novia, 65x54cm\"\n               data-description=\"\"\n               data-image-slug=\"hw4g4163\"\n               class=\"ngg-simplelightbox\" rel=\"bc13e83c1c97ecff7ff9ad93bdb03b28\">\n                <img\n                    title=\"La novia, 65x54cm\"\n                    alt=\"La novia, 65x54cm\"\n                    src=\"https:\/\/www.fundacionamalio.com\/wp-content\/gallery\/el-mundo-de-esperanza-y-el-apostolado-proletariado\/cache\/HW4G4163.jpg-nggid0281-ngg0dyn-320x320x100-00f0w010c011r110f110r010t010.jpg\"\n                    width=\"320\"\n                    height=\"320\"\n                    style=\"max-width:100%;\"\n                \/>\n            <\/a>\n        <\/div>\n\t\t\t\t\t\t\t<\/div> \n\t\t\t\n\t\t\t\t<div id=\"ngg-image-7\" class=\"ngg-gallery-thumbnail-box \" >\n\t\t\t\t        <div class=\"ngg-gallery-thumbnail\">\n            <a href=\"https:\/\/www.fundacionamalio.com\/wp-content\/gallery\/el-mundo-de-esperanza-y-el-apostolado-proletariado\/mano-alada.jpg\"\n               title=\"\"\n               data-src=\"https:\/\/www.fundacionamalio.com\/wp-content\/gallery\/el-mundo-de-esperanza-y-el-apostolado-proletariado\/mano-alada.jpg\"\n               data-thumbnail=\"https:\/\/www.fundacionamalio.com\/wp-content\/gallery\/el-mundo-de-esperanza-y-el-apostolado-proletariado\/thumbs\/thumbs_mano-alada.jpg\"\n               data-image-id=\"82\"\n               data-title=\"La mano alada, 65x54cm\"\n               data-description=\"\"\n               data-image-slug=\"mano-alada\"\n               class=\"ngg-simplelightbox\" rel=\"bc13e83c1c97ecff7ff9ad93bdb03b28\">\n                <img\n                    title=\"La mano alada, 65x54cm\"\n                    alt=\"La mano alada, 65x54cm\"\n                    src=\"https:\/\/www.fundacionamalio.com\/wp-content\/gallery\/el-mundo-de-esperanza-y-el-apostolado-proletariado\/cache\/mano-alada.jpg-nggid0282-ngg0dyn-320x320x100-00f0w010c011r110f110r010t010.jpg\"\n                    width=\"320\"\n                    height=\"320\"\n                    style=\"max-width:100%;\"\n                \/>\n            <\/a>\n        <\/div>\n\t\t\t\t\t\t\t<\/div> \n\t\t\t\n\t\n\t<br style=\"clear: both\" \/>\n\n\t\n\t\t<!-- Pagination -->\n\t<div class='ngg-clear'><\/div>\t<\/div>\n[\/vc_column_text][\/vc_column][\/vc_row]<\/p>\n","protected":false},"excerpt":{"rendered":"<p>[vc_row sy_vc_row_extra_padding=\u00bb2&#8243; css=\u00bb.vc_custom_1544443123033{margin-top: 50px !important;}\u00bb][vc_column][tw_section_title title=\u00bbRealismo Simb\u00f3lico\u00bb st_tit_font_size=\u00bb60&#8243;][vc_column_text] Desde 1970 hasta el final de su vida, su pintura gira hacia la l\u00ednea testimonial y cr\u00edtica expresada en el Realismo simb\u00f3lico, con una marcada preocupaci\u00f3n por Andaluc\u00eda. Amalio necesitaba dar forma a sus convicciones \u00edntimas a trav\u00e9s de su pintura y denunciar el sufrimiento y el [&hellip;]<\/p>\n","protected":false},"author":1,"featured_media":1735,"parent":0,"menu_order":0,"comment_status":"closed","ping_status":"closed","template":"page-templates\/full-width.php","meta":{"ngg_post_thumbnail":0},"_links":{"self":[{"href":"https:\/\/www.fundacionamalio.com\/index.php\/wp-json\/wp\/v2\/pages\/1333"}],"collection":[{"href":"https:\/\/www.fundacionamalio.com\/index.php\/wp-json\/wp\/v2\/pages"}],"about":[{"href":"https:\/\/www.fundacionamalio.com\/index.php\/wp-json\/wp\/v2\/types\/page"}],"author":[{"embeddable":true,"href":"https:\/\/www.fundacionamalio.com\/index.php\/wp-json\/wp\/v2\/users\/1"}],"replies":[{"embeddable":true,"href":"https:\/\/www.fundacionamalio.com\/index.php\/wp-json\/wp\/v2\/comments?post=1333"}],"version-history":[{"count":8,"href":"https:\/\/www.fundacionamalio.com\/index.php\/wp-json\/wp\/v2\/pages\/1333\/revisions"}],"predecessor-version":[{"id":1736,"href":"https:\/\/www.fundacionamalio.com\/index.php\/wp-json\/wp\/v2\/pages\/1333\/revisions\/1736"}],"wp:featuredmedia":[{"embeddable":true,"href":"https:\/\/www.fundacionamalio.com\/index.php\/wp-json\/wp\/v2\/media\/1735"}],"wp:attachment":[{"href":"https:\/\/www.fundacionamalio.com\/index.php\/wp-json\/wp\/v2\/media?parent=1333"}],"curies":[{"name":"wp","href":"https:\/\/api.w.org\/{rel}","templated":true}]}}